{"id":30,"date":"2023-08-26T09:58:27","date_gmt":"2023-08-26T07:58:27","guid":{"rendered":"https:\/\/chanterautrementspirale.fr\/new\/?page_id=30"},"modified":"2025-04-21T10:56:05","modified_gmt":"2025-04-21T08:56:05","slug":"les-prochains-evenements","status":"publish","type":"page","link":"https:\/\/chanterautrementspirale.fr\/new\/","title":{"rendered":"Nos prochains \u00e9v\u00e8nements"},"content":{"rendered":"\n<div class=\"wp-block-columns is-layout-flex wp-container-core-columns-is-layout-28f84493 wp-block-columns-is-layout-flex\">\n<div class=\"wp-block-column is-layout-flow wp-block-column-is-layout-flow\" style=\"flex-basis:29%\">\n<div class=\"wp-block-cover has-custom-content-position is-position-top-center\" style=\"min-height:670px;aspect-ratio:unset;\"><img loading=\"lazy\" decoding=\"async\" width=\"323\" height=\"863\" class=\"wp-block-cover__image-background wp-image-221\" alt=\"\" src=\"https:\/\/chanterautrementspirale.fr\/new\/wp-content\/uploads\/2023\/08\/P3_Acutalites.jpg\" style=\"object-position:26% 12%\" data-object-fit=\"cover\" data-object-position=\"26% 12%\" srcset=\"https:\/\/chanterautrementspirale.fr\/new\/wp-content\/uploads\/2023\/08\/P3_Acutalites.jpg 323w, https:\/\/chanterautrementspirale.fr\/new\/wp-content\/uploads\/2023\/08\/P3_Acutalites-112x300.jpg 112w\" sizes=\"auto, (max-width: 323px) 100vw, 323px\" \/><span aria-hidden=\"true\" class=\"wp-block-cover__background has-background-dim-10 has-background-dim\"><\/span><div class=\"wp-block-cover__inner-container is-layout-flow wp-block-cover-is-layout-flow\">\n<p class=\"has-text-align-center has-medium-font-size\"><strong><em>NOS PROCHAINS<\/em><\/strong> <strong><em>EVENEMENTS<\/em><\/strong><\/p>\n\n\n\n<p class=\"has-text-align-center\" style=\"margin-top:var(--wp--preset--spacing--60);margin-bottom:var(--wp--preset--spacing--60)\">Samedi 3 mai &#8211; 20 h 30<br>Soir\u00e9e CHORALES<br>Saint Christol les Al\u00e8s<\/p>\n\n\n\n<p class=\"has-text-align-center\">Samedi 24 mai &#8211; 20 h 45<br>SPECTACLE SPIRALE<br>G\u00e9n\u00e9rargues<\/p>\n<\/div><\/div>\n<\/div>\n\n\n\n<div class=\"wp-block-column is-layout-flow wp-block-column-is-layout-flow\" style=\"flex-basis:71%\">\n<p class=\"has-text-align-center has-luminous-vivid-orange-color has-text-color\" style=\"font-size:40px\"><strong>D\u00e9couvrez notre nouveau spectacle 2025 !<\/strong><\/p>\n\n\n\n<p class=\"has-text-align-center has-foreground-color has-text-color has-medium-font-size\">Un spectacle tout public \u00e0 ne pas rater : des chansons tendres, dr\u00f4les, fortes ou \u00e9mouvantes interpr\u00e9t\u00e9es \u00e0 quatre voix et mises en vie dans un d\u00e9cor \u00e0 surprises !<br><br>Direction : Mireille Jullien \/ Piano : David Vincent<\/p>\n\n\n\n<p class=\"has-text-align-center has-luminous-vivid-orange-color has-text-color has-large-font-size\">Le Samedi 3 mai 2025 \u00e0 20 h 30<br>Maison pour tous de St Christol les Al\u00e8s<\/p>\n\n\n\n<p class=\"has-text-align-center has-foreground-color has-text-color has-medium-font-size\">Soir\u00e9e CHORALES organis\u00e9e par le CASC de St Christol<br>Avec la participation de la chorale \u00ab\u00a0Les mange-disques\u00a0\u00bb d\u2019Anduze<br><br>Tarif public : 10 \u20ac<\/p>\n\n\n\n<p class=\"has-text-align-center has-luminous-vivid-orange-color has-text-color has-large-font-size\">Le Samedi 24 mai 2025 \u00e0 20 h 45<br>Foyer de G\u00e9n\u00e9rargues<\/p>\n\n\n\n<p class=\"has-text-align-center has-foreground-color has-text-color has-medium-font-size\">Soir\u00e9e organis\u00e9e par l&rsquo;association Amous Solidarit\u00e9<br><br>Entr\u00e9e libre<\/p>\n\n\n\n<p><\/p>\n\n\n\n<p class=\"has-text-align-center has-luminous-vivid-orange-color has-text-color has-large-font-size\"><\/p>\n\n\n\n<p><\/p>\n\n\n\n<p><\/p>\n\n\n\n<p><\/p>\n<\/div>\n<\/div>\n\n\n\n<p><\/p>\n","protected":false},"excerpt":{"rendered":"<p>D\u00e9couvrez notre nouveau spectacle 2025 ! Un spectacle tout public \u00e0 ne pas rater : des chansons tendres, dr\u00f4les, fortes ou \u00e9mouvantes interpr\u00e9t\u00e9es \u00e0 quatre voix et mises en vie&hellip;<\/p>\n","protected":false},"author":1,"featured_media":0,"parent":0,"menu_order":0,"comment_status":"closed","ping_status":"closed","template":"","meta":{"footnotes":""},"class_list":["post-30","page","type-page","status-publish","hentry"],"_links":{"self":[{"href":"https:\/\/chanterautrementspirale.fr\/new\/wp-json\/wp\/v2\/pages\/30","targetHints":{"allow":["GET"]}}],"collection":[{"href":"https:\/\/chanterautrementspirale.fr\/new\/wp-json\/wp\/v2\/pages"}],"about":[{"href":"https:\/\/chanterautrementspirale.fr\/new\/wp-json\/wp\/v2\/types\/page"}],"author":[{"embeddable":true,"href":"https:\/\/chanterautrementspirale.fr\/new\/wp-json\/wp\/v2\/users\/1"}],"replies":[{"embeddable":true,"href":"https:\/\/chanterautrementspirale.fr\/new\/wp-json\/wp\/v2\/comments?post=30"}],"version-history":[{"count":28,"href":"https:\/\/chanterautrementspirale.fr\/new\/wp-json\/wp\/v2\/pages\/30\/revisions"}],"predecessor-version":[{"id":321,"href":"https:\/\/chanterautrementspirale.fr\/new\/wp-json\/wp\/v2\/pages\/30\/revisions\/321"}],"wp:attachment":[{"href":"https:\/\/chanterautrementspirale.fr\/new\/wp-json\/wp\/v2\/media?parent=30"}],"curies":[{"name":"wp","href":"https:\/\/api.w.org\/{rel}","templated":true}]}}